t common factor of x and q.
6
Suppose 0*b + 3*h - 93 = -3*b, 4*b - 128 = -5*h. What is the greatest common factor of 99 and b?
9
Let i be 10/185 + (-1320)/(-222). Calculate the highest common divisor of i and 150.
6
Suppose 0 = -8*t + 131 + 109. What is the greatest common factor of t and 18?
6
Let d(f) = 7*f - 9. Let s be d(4). Suppose 0 = -5*j - 2*b + 429 + 16, -5*j - b = -450. Let c = j - -61. What is the greatest common factor of s and c?
19
Suppose 16*t = 66 + 46. What is the greatest common factor of 7 and t?
7
Let l = 443 + -441. Let o = 2 + -1. Calculate the highest common divisor of o and l.
1
Let y be ((-204)/18)/(6/(-162)*6). What is the greatest common divisor of y and 2703?
51
Let l = -26 + 257. Let b = l + -93. Let n = b - 88. What is the highest common factor of n and 20?
10
Let q(f) = f**2 + 4*f + 2. Let z be q(-8). Let d(h) = -19*h**2 + h + 3. Let s be d(-3). Let m be (-6)/12 - s/2. Calculate the highest common divisor of m and z.
17
Suppose 2*m - 1904 = -z, 0 = -3*z - 4*m - m + 5709. Calculate the greatest common divisor of z and 13.
13
Suppose 0 = -2*x - v + 7, -2*x + 2*v + 13 = 3*x. Suppose -x*m = 2*m - 30. Let z = 15 - m. What is the highest common factor of z and 18?
9
Let t be 1*-7*(7 + 1417/(-91)). What is the greatest common factor of t and 105?
15
Suppose 0 = -2*z + 93 + 43. Let t be ((-5)/3)/(230/(-2346)). What is the greatest common factor of t and z?
17
Let h(x) = x**2 + x - 83. Let z be h(-14). Calculate the greatest common divisor of z and 9.
9
Let x(f) = 166*f + 14. Let s be x(12). Calculate the greatest common divisor of 34 and s.
34
Suppose 1554 = 24*m + 50*m. Let h be (-1)/((-586)/(-294) - 2). Calculate the greatest common factor of h and m.
21
Let s = -40 - -78. Calculate the highest common factor of 475 and s.
19
Let y(m) = 3*m**2 - 2*m. Suppose 11*v + 36 = 2*v. Let g be y(v). What is the greatest common divisor of 7 and g?
7
Let w(q) = q**2 + 9*q - 60. Let v be w(-20). Calculate the highest common factor of 20 and v.
20
Let q be (-50)/15*(0 + -3). Suppose 3*m - 4 = m. Let g(x) = -x**3 + 2*x**2 + 2*x - 2. Let c be g(m). Calculate the greatest common divisor of q and c.
2
Let s be (-16)/(-40) + (-99)/(-15). Let h = s + -4. Suppose 2*z - 36 = -h*b, -5*z + 68 = 3*b - b. What is the highest common factor of z and 18?
6
Let d be (176/(-40))/(7/((-70)/4)). Calculate the highest common factor of 352 and d.
11
Let q = -12 - -5. Let a(k) = -k**3 - 8*k**2 - 8*k. Let u be a(q). Suppose 165 = -4*h + u*h. Calculate the greatest common factor of h and 11.
11
Let t(p) = -p**3 - 34*p**2 + 128*p. Let z be t(-38). What is the greatest common divisor of z and 48?
48
Let f be (1 + (1 - 0))*(-365)/(-10). Calculate the greatest common factor of f and 292.
73
Suppose -s - 422 + 437 = 0. Calculate the greatest common divisor of 1 and s.
1
Suppose -u + 28 = -n, 1 + 15 = u - 4*n. Let a be 1764/22 - 4/22. What is the greatest common factor of u and a?
16
Let t(h) = 4*h**2 - 14*h - 100. Let z be t(-5). Calculate the greatest common factor of 133 and z.
7
Let r(g) = -g**3 + 12*g**2 + g - 24. Suppose 3*d = -3*h - 2*d + 43, 4*h - d = 42. Let p be r(h). What is the highest common divisor of p and 27?
27
Let l(j) be the second derivative of 17*j**5/20 + j**3/3 - j**2/2 - j. Let i be l(1). What is the greatest common divisor of i and 36?
18
Suppose 0 = t - 4*l - 9 - 22, -l + 54 = 3*t. Let p be 6/8*76/1. Calculate the greatest common factor of p and t.
19
Let t(p) be the first derivative of -p**3/3 + 6*p**2 + 9*p + 17. Let i be t(12). Calculate the highest common factor of i and 18.
9
Let u be (1 - 10)/(((-60)/56)/5). Suppose -30 = -5*l - 0*l. What is the highest common factor of l and u?
6
Let i = -667 - -674. Calculate the highest common divisor of 63 and i.
7
Let p(f) = -7*f - 113. Let z be p(-22). Calculate the greatest common factor of 205 and z.
41
Suppose -6*y = 74 + 352. Let m = -6 + 4. Let j be y/m - (-3)/6. What is the highest common factor of 54 and j?
18
Suppose 1084 + 1248 = 4*a. What is the highest common divisor of a and 53?
53
Let z = -11 + 12. Let a be 19 + z/(-1) + -2. Calculate the highest common factor of a and 4.
4
Let s be 10/(20/(-6)) + 67 + 0. What is the greatest common divisor of s and 16?
16
Let x(q) = -q**3 + 12*q**2 - 10*q + 15. Let o be x(11). Let t be o/6 + (-2)/6. Suppose t*j - j = 48. What is the highest common factor of 96 and j?
16
Suppose -2*h + 6*z = 3*z + 47, 3*z = -4*h - 67. Let f = -3 - h. What is the highest common divisor of 8 and f?
8
Let u = -534 + 589. Calculate the highest common divisor of u and 44.
11
Suppose 0 = i + i - 192. Let r be 39/6 - ((-21)/6 + 3). Let u be ((-18)/r)/(15/(-70)). What is the greatest common divisor of u and i?
12
Let a be -3 - (-44)/6 - 4/(-6). Suppose -i + 23 = a. What is the highest common factor of i and 162?
18
Let w = 18 - 16. Let m(y) = 18*y - 3. Let j be m(w). Let v = -18 + j. What is the greatest common factor of 45 and v?
15
Suppose 0 = 2*w - w - 4. Suppose -i + 29 = 3*t, -w*t - 123 = -3*i - t. What is the greatest common divisor of i and 19?
19
Suppose 3*i - 4 = 2*l - 3, -4*i + 8 = -4*l. Let v be 4/(-10) + (-22)/l. Let f be v - (-19 - (-7 + 3)). What is the highest common divisor of 133 and f?
19
Let m be -11 - (-3)/(12/16). Let t = m - -12. Let n(p) = -24*p**3 + p**2 - p - 1. Let r be n(-1). Calculate the greatest common factor of t and r.
5
Let n(t) be the first derivative of -t**2/2 + 7*t + 13. Let p be (2/4)/(3/18). Let d be n(p). What is the greatest common factor of d and 1?
1
Let i be 5 + (-1070)/(-7 + 5). Calculate the highest common factor of 20 and i.
20
Suppose 0 = 4*l + l + 3*y + 181, y = -2. Let g = -27 - l. Calculate the highest common divisor of 8 and g.
8
Let y(v) = 24*v**2 - 4*v - 4. Let o be y(-2). Suppose -5*s - o = -4*j, 2*s - 1 - 7 = 0. What is the greatest common factor of 75 and j?
15
Suppose 2*k + 6*g = 5*g + 1423, -5*k + 5*g = -3535. What is the greatest common factor of 10 and k?
10
Let j(x) = -x + 13. Let a(k) = 4*k - 3. Let i be a(2). Let d be j(i). Let f(b) = b**2 + 1. Let s be f(-1). What is the highest common factor of s and d?
2
Let v(y) = 9*y**2 - 4*y + 1. Let a be v(-3). Let z = a + -79. Calculate the greatest common divisor of 105 and z.
15
Let u be (24/(-9))/2*-84. Let b(w) = 207*w**3 + 2*w**2 - 2*w + 1. Let d be b(1). Let c = d - u. What is the highest common divisor of c and 12?
12
Let s = -35 + 38. Suppose 4*o - 46 = -2*w, -2*w = -s*w - 5*o + 29. What is the highest common divisor of 114 and w?
19
Let q be 1326/65*10/3. Calculate the greatest common factor of 28 and q.
4
Suppose a + 3 = 3*q, -4*q + 49 = 5*a + 26. What is the greatest common factor of a and 87?
3
Let q(f) = 2*f**3 - 30*f**2 + 7*f - 45. Let l be q(17). Calculate the greatest common divisor of l and 90.
30
Let x be (-6)/4*176/6. Let y = -28 - x. Let w = y - 12. What is the greatest common divisor of w and 4?
4
Let t be 0 - (6/12)/(4/(-3160)). Calculate the greatest common divisor of t and 79.
79
Suppose 2*g - 62 = 4*x, -3*x - g - 40 = 4*g. Let s = x + 41. Let l be 82/6 + 2/(-3). What is the highest common divisor of l and s?
13
Let d be (8/12 + -1)/((-5)/135). Calculate the greatest common divisor of d and 288.
9
Let i be 24/6 + -5 + 3. Let b be -69*10*i/(-6). Calculate the highest common factor of 23 and b.
23
Let n = 1329 + -1315. What is the greatest common factor of 98 and n?
14
Let w = 31 + -162. Let t = w + 439. Suppose -682 = -5*j + t. What is the greatest common divisor of j and 18?
18
Suppose -5*y + 2*s + 300 = -0*s, -3*y + 180 = 2*s. Let n(g) = -6*g + 15. Let m be n(-5). What is the greatest common factor of m and y?
15
Let k = 14 + -24. Suppose 0 = 2*v - 30 + 14. Let c be ((-4)/v + -1)*k. Calculate the highest common divisor of c and 30.
15
Let o be -8 - 3 - (-251)/1. Calculate the greatest common divisor of 384 and o.
48
Suppose 16 = -4*s - 4*y, 2*s + 0*y + 17 = -5*y. Let g be (-7 - s)*(-2)/4. Calculate the greatest common factor of 12 and g.
3
Suppose 0 = -5*d + 10, 70 = -18*l + 20*l + 3*d. What is the highest common factor of l and 8?
8
Suppose -3*t = -2*t - 1. Let f be t/2 - (-573)/(-6). Let g = 275 + f. What is the greatest common factor of g and 20?
20
Let c(d) = 18*d**2 - d + 1. Let w be c(1). Let i(f) = -2*f**2 - 5*f + 5. Let x be i(-4